{"id":134,"date":"2016-03-23T16:20:14","date_gmt":"2016-03-23T15:20:14","guid":{"rendered":"http:\/\/bsfv.de\/wordpress\/?page_id=134"},"modified":"2020-06-09T17:11:04","modified_gmt":"2020-06-09T15:11:04","slug":"impressum","status":"publish","type":"page","link":"http:\/\/bsfv.de\/wordpress\/impressum\/","title":{"rendered":"Impressum"},"content":{"rendered":"<p><strong>Anschrift:<\/strong><br \/>\nBadischer Sportfischerverband e.V.<br \/>\nFeldstr. 130<br \/>\n68259 Mannheim (Feudenheim)<\/p>\n<p>\u00d6ffnungszeit der BSFV-Gesch\u00e4ftsstelle:\u00a0 <strong><em>Dienstag 18:00 &#8211; 20:00<\/em><\/strong><\/p>\n<p>Telefon:\u00a0 0621 \/ 71 79 430<br \/>\nKontakt-eMail: \u00a0<img decoding=\"async\" loading=\"lazy\" class=\"size-full wp-image-1150 alignnone\" style=\"margin-bottom: -4px;\" src=\"http:\/\/bsfv.de\/wordpress\/wp-content\/uploads\/2019\/11\/Anmerkung-2019-11-12-095433.png\" alt=\"\" width=\"82\" height=\"19\" \/><br \/>\nInternet: \u00a0www.bsfv.de<\/p>\n<p><strong>Vertretungsberechtigter:<\/strong><br \/>\n1. Vorsitzender<br \/>\nJ\u00fcrgen Hauck<br \/>\nK\u00f6rner Str.\u00a031<br \/>\n68535 Edingen-Neckarhausen<\/p>\n<p>Mobil:\u00a0\u00a0\u00a0\u00a0\u00a0\u00a00172 \/ 63 48 736<br \/>\nKontakt-eMail:\u00a0<img decoding=\"async\" loading=\"lazy\" class=\"size-full wp-image-1168 alignnone\" style=\"margin-bottom: -2px;\" src=\"http:\/\/bsfv.de\/wordpress\/wp-content\/uploads\/2019\/11\/Anmerkung-2019-11-12-101441.png\" alt=\"\" width=\"116\" height=\"16\" \/><\/p>\n<p><strong>Vereinsregister:<\/strong><br \/>\nDer Badische Sportfischerverband e.V. ist im Vereinsregister des Amtsgerichts Mannheim, Registergericht L2, unter dem Eintrag VR 88 eingetragen.<\/p>\n<p style=\"text-align: justify;\"><strong>Verantwortlichkeiten:<\/strong><br \/>\nVerantwortlicher f\u00fcr den Inhalt dieser Seiten ist der Badische Sportfischerverband e.V. S\u00e4mtliche angebotenen Informationen d\u00fcrfen, auch auszugsweise, nur mit schriftlicher Genehmigung des Vorstandes weiterverbreitet oder anderweitig ver\u00f6ffentlicht werden. Technische Probleme oder Anregungen k\u00f6nnen Sie uns unter info@bsfv.de mitteilen. Wir bitten, uns eine m\u00f6glicherweise von dieser Homepage ausgehenden Schutzrechts-Verletzung durch die Schutzrecht-Inhaberinnen selbst, umgehend mitzuteilen, damit wir diese schnell und unb\u00fcrokratisch beseitigen k\u00f6nnen. Im Falle von Domainstreitigkeiten oder \u00e4hnlichen Problemen bitten wir Sie, zur Vermeidung unn\u00f6tiger Rechtsstreite und Kosten, uns bereits im Vorfeld zu kontaktieren. Die Kostennote einer anwaltlichen Abmahnung ohne vorhergehende Kontaktaufnahme mit uns wird im Sinne der Schadensminderungspflicht als unbegr\u00a8ndet zur\u00fcckgewiesen.<\/p>\n<p style=\"text-align: justify;\"><strong>Allgemeiner Rechtshinweis:<\/strong><br \/>\nDen Missbrauch folgender, gesetzlich vorgeschriebener Angaben, betrachten wir als unzul\u00e4ssigen Eingriff in den gesch\u00e4ftlichen Betrieb (\u00a7823 Abs 1 BGB).<\/p>\n<p style=\"text-align: justify;\"><strong>Datenschutz:<\/strong><br \/>\nDer Badische Sportfischerverband e.V. nimmt den Schutz pers\u00f6nlicher Daten sehr ernst und h\u00e4lt sich strikt an die Regeln der Datenschutzgesetze. Personenbezogene Daten werden auf dieser Website nur im technisch notwendigen Umfang erhoben. In keinem Fall werden die erhobenen Daten verkauft oder aus anderen Gr\u00fcnden an Dritte weitergegeben!<\/p>\n<p style=\"text-align: justify;\"><strong>Copyright:<\/strong><br \/>\nDie durch den Seitenbetreiber erstellten Inhalte und Werke dieser Seiten sind nach dem deutschen Urheberrecht gesch\u00fctzt. Ihre Nutzung ist nur f\u00fcr private Zwecke zul\u00e4ssig. Jede Vervielf\u00e4ltigung, Vermietung, Vorf\u00fchrung, Verbreitung und jede Art der Verwertung dieser Website oder einzelner Inhalte ist ohne der schriftlichen Einwilligung des Vorstands des Badischen Sportfischerverband e.V., untersagt. Alle Rechte bleiben vorbehalten.<\/p>\n<p style=\"text-align: justify;\"><strong>Haftungsausschluss:<\/strong><br \/>\nDie Informationen auf diesen Webseiten werden von dem Badischen Sportfischerverband e.V. st\u00e4ndig gepr\u00fcft und bei Bedarf aktualisiert. Trotz aller Sorgfalt k\u00f6nnen sich aber Angaben zwischenzeitlich ver\u00e4ndert haben. Eine Haftung oder Garantie f\u00fcr die Aktualit\u00e4t, Richtigkeit und Vollst\u00e4ndigkeit der zur Verf\u00fcgung gestellten Informationen kann daher nicht \u00fcbernommen werden. Wir behalten uns vor, die Informationen und Darstellungen in dieser Seite jederzeit und ohne vorherige Ank\u00fcndigung zu \u00e4ndern oder zu aktualisieren. Das gilt auch f\u00fcr Verbesserungen und\/oder \u00c4nderungen an den auf dieser Seite beschriebenen Produkten, Terminen oder Veranstaltungen.<\/p>\n<p style=\"text-align: justify;\"><strong>Links:<\/strong><br \/>\nMit Urteil vom 12. Mai 1998 hat das Landgericht Hamburg entschieden, dass man durch die Ausbringung eines Links die Inhalte der gelinkten Seite ggf. mit zu verantworten hat. Dies kann &#8211; so das Landgericht &#8211; nur dadurch verhindert werden, indem man sich ausdr\u00fccklich von diesen Inhalten distanziert. Wir haben auf unseren Seiten Links zu anderen Seiten im Internet gelegt. F\u00fcr alle diese Links gilt, dass wir keinerlei Einfluss auf die Gestaltung und die Inhalte der gelinkten Seiten haben. Deshalb distanzieren wir uns hiermit ausdr\u00fccklich von allen Inhalten aller gelinkten Seiten auf unserer Internetpr\u00e4senz und machen uns diese Inhalte nicht zu Eigen. Diese Erkl\u00e4rung gilt f\u00fcr alle auf unserer Internetpr\u00e4senz angezeigten Links und f\u00fcr alle Inhalte der Seiten, zu denen die bei uns angemeldeten Links f\u00fchren.<\/p>\n","protected":false},"excerpt":{"rendered":"<p>Anschrift: Badischer Sportfischerverband e.V. Feldstr. 130 68259 Mannheim (Feudenheim) \u00d6ffnungszeit der BSFV-Gesch\u00e4ftsstelle:\u00a0 Dienstag 18:00 &#8211; 20:00 Telefon:\u00a0 0621 \/ 71 79 430 Kontakt-eMail: \u00a0 Internet: \u00a0www.bsfv.de Vertretungsberechtigter: 1. Vorsitzender J\u00fcrgen Hauck K\u00f6rner Str.\u00a031 68535 Edingen-Neckarhausen Mobil:\u00a0\u00a0\u00a0\u00a0\u00a0\u00a00172 \/ 63 48 736 Kontakt-eMail:\u00a0 Vereinsregister: Der Badische Sportfischerverband e.V. ist im Vereinsregister des Amtsgerichts Mannheim, Registergericht L2, unter [&hellip;]<\/p>\n","protected":false},"author":1,"featured_media":0,"parent":0,"menu_order":0,"comment_status":"closed","ping_status":"closed","template":"","meta":[],"_links":{"self":[{"href":"http:\/\/bsfv.de\/wordpress\/wp-json\/wp\/v2\/pages\/134"}],"collection":[{"href":"http:\/\/bsfv.de\/wordpress\/wp-json\/wp\/v2\/pages"}],"about":[{"href":"http:\/\/bsfv.de\/wordpress\/wp-json\/wp\/v2\/types\/page"}],"author":[{"embeddable":true,"href":"http:\/\/bsfv.de\/wordpress\/wp-json\/wp\/v2\/users\/1"}],"replies":[{"embeddable":true,"href":"http:\/\/bsfv.de\/wordpress\/wp-json\/wp\/v2\/comments?post=134"}],"version-history":[{"count":13,"href":"http:\/\/bsfv.de\/wordpress\/wp-json\/wp\/v2\/pages\/134\/revisions"}],"predecessor-version":[{"id":1217,"href":"http:\/\/bsfv.de\/wordpress\/wp-json\/wp\/v2\/pages\/134\/revisions\/1217"}],"wp:attachment":[{"href":"http:\/\/bsfv.de\/wordpress\/wp-json\/wp\/v2\/media?parent=134"}],"curies":[{"name":"wp","href":"https:\/\/api.w.org\/{rel}","templated":true}]}}