{"id":126,"date":"2016-03-23T16:01:48","date_gmt":"2016-03-23T15:01:48","guid":{"rendered":"http:\/\/bsfv.de\/wordpress\/?page_id=126"},"modified":"2019-11-12T10:06:14","modified_gmt":"2019-11-12T09:06:14","slug":"kontakt","status":"publish","type":"page","link":"http:\/\/bsfv.de\/wordpress\/kontakt\/","title":{"rendered":"Kontakt"},"content":{"rendered":"<p><strong>SO ERREICHEN SIE UNS (BEACHTEN SIE BITTE DEN HINWEIS WEITER UNTEN!)<\/strong><\/p>\n<p><img decoding=\"async\" loading=\"lazy\" class=\"alignleft size-full wp-image-150\" src=\"http:\/\/bsfv.de\/wordpress\/wp-content\/uploads\/2016\/03\/geschaeftsstelle.png\" alt=\"geschaeftsstelle\" width=\"140\" height=\"130\"\/><\/p>\n<div><strong>Unsere Anschrift:<\/strong><\/p>\n<div>Badischer Sportfischerverband e.V.<\/div>\n<div>Gesch\u00e4ftsstellenleiter <strong>Herr Jens Neuer<\/strong><\/div>\n<div>Feldstr. 130<\/div>\n<div>68259 Mannheim (Feudenheim)<\/div>\n<div>Tel. 0621\/7179430<\/div>\n<div style=\"display: inline-block; \">Email<img decoding=\"async\" loading=\"lazy\" class=\"size-full wp-image-1150 alignnone\" src=\"http:\/\/bsfv.de\/wordpress\/wp-content\/uploads\/2019\/11\/Anmerkung-2019-11-12-095433.png\" alt=\"\" style=\"vertical-align: sub; margin-bottom: -1px;\" width=\"82\" height=\"19\"\/><\/div>\n<p style=\"text-align: justify;\">\n<p style=\"text-align: justify;\"><strong>Unsere \u00d6ffnungszeiten:<\/strong><br \/>\nUnsere Gesch\u00e4ftsstelle ist f\u00fcr Sie jeden Dienstag von 18:00 Uhr bis 20:00 Uhr ge\u00f6ffnet!<\/p>\n<p style=\"text-align: justify;\">\n<p><img decoding=\"async\" loading=\"lazy\" class=\"alignleft size-full wp-image-128\" src=\"http:\/\/bsfv.de\/wordpress\/wp-content\/uploads\/2016\/03\/wappen2.png\" alt=\"wappen2\" width=\"156\" height=\"194\"\/><\/p>\n<\/div>\n","protected":false},"excerpt":{"rendered":"<p>SO ERREICHEN SIE UNS (BEACHTEN SIE BITTE DEN HINWEIS WEITER UNTEN!) Unsere Anschrift: Badischer Sportfischerverband e.V. Gesch\u00e4ftsstellenleiter Herr Jens Neuer Feldstr. 130 68259 Mannheim (Feudenheim) Tel. 0621\/7179430 Email Unsere \u00d6ffnungszeiten: Unsere Gesch\u00e4ftsstelle ist f\u00fcr Sie jeden Dienstag von 18:00 Uhr bis 20:00 Uhr ge\u00f6ffnet!<\/p>\n","protected":false},"author":1,"featured_media":0,"parent":0,"menu_order":0,"comment_status":"closed","ping_status":"closed","template":"","meta":[],"_links":{"self":[{"href":"http:\/\/bsfv.de\/wordpress\/wp-json\/wp\/v2\/pages\/126"}],"collection":[{"href":"http:\/\/bsfv.de\/wordpress\/wp-json\/wp\/v2\/pages"}],"about":[{"href":"http:\/\/bsfv.de\/wordpress\/wp-json\/wp\/v2\/types\/page"}],"author":[{"embeddable":true,"href":"http:\/\/bsfv.de\/wordpress\/wp-json\/wp\/v2\/users\/1"}],"replies":[{"embeddable":true,"href":"http:\/\/bsfv.de\/wordpress\/wp-json\/wp\/v2\/comments?post=126"}],"version-history":[{"count":23,"href":"http:\/\/bsfv.de\/wordpress\/wp-json\/wp\/v2\/pages\/126\/revisions"}],"predecessor-version":[{"id":1162,"href":"http:\/\/bsfv.de\/wordpress\/wp-json\/wp\/v2\/pages\/126\/revisions\/1162"}],"wp:attachment":[{"href":"http:\/\/bsfv.de\/wordpress\/wp-json\/wp\/v2\/media?parent=126"}],"curies":[{"name":"wp","href":"https:\/\/api.w.org\/{rel}","templated":true}]}}