{"id":111,"date":"2016-02-25T15:12:05","date_gmt":"2016-02-25T14:12:05","guid":{"rendered":"http:\/\/bsfv.de\/wordpress\/?page_id=111"},"modified":"2026-01-15T10:26:30","modified_gmt":"2026-01-15T09:26:30","slug":"111-2-2","status":"publish","type":"page","link":"http:\/\/bsfv.de\/wordpress\/","title":{"rendered":""},"content":{"rendered":"<p>\u00a0<\/p>\n<p>\u00a0<\/p>\n<p>\u00a0<\/p>\n<p><strong><a href=\"http:\/\/bsfv.de\/wordpress\/wp-content\/uploads\/2025\/08\/IMG_9738-scaled.jpg\"><img decoding=\"async\" loading=\"lazy\" class=\"alignleft size-medium wp-image-1769\" src=\"http:\/\/bsfv.de\/wordpress\/wp-content\/uploads\/2025\/08\/IMG_9738-300x200.jpg\" alt=\"\" width=\"300\" height=\"200\" srcset=\"http:\/\/bsfv.de\/wordpress\/wp-content\/uploads\/2025\/08\/IMG_9738-300x200.jpg 300w, http:\/\/bsfv.de\/wordpress\/wp-content\/uploads\/2025\/08\/IMG_9738-1024x683.jpg 1024w, http:\/\/bsfv.de\/wordpress\/wp-content\/uploads\/2025\/08\/IMG_9738-768x512.jpg 768w, http:\/\/bsfv.de\/wordpress\/wp-content\/uploads\/2025\/08\/IMG_9738-1536x1024.jpg 1536w, http:\/\/bsfv.de\/wordpress\/wp-content\/uploads\/2025\/08\/IMG_9738-2048x1365.jpg 2048w, http:\/\/bsfv.de\/wordpress\/wp-content\/uploads\/2025\/08\/IMG_9738-272x182.jpg 272w\" sizes=\"(max-width: 300px) 100vw, 300px\" \/><\/a>Nachruf<\/strong><\/p>\n<p>In stiller Trauer nehmen wir Abschied von unserem langj\u00e4hrigen Angelkollegen,<\/p>\n<p>gesch\u00e4tzten Pr\u00e4sidiumsmitglied und guten Freund<\/p>\n<p><strong>Dieter Herold,<\/strong><\/p>\n<p>der im August 2025 im Alter von 86 Jahren von uns gegangen ist.<\/p>\n<p>\u00a0<\/p>\n<p>Dieter war \u00fcber viele Jahre hinweg eine pr\u00e4gende Pers\u00f6nlichkeit in unserem Verband und dar\u00fcber hinaus. Mit gro\u00dfem Fachwissen, unerm\u00fcdlichem Einsatz und tiefer Verbundenheit zur Natur hat er sich in besonderem Ma\u00dfe um die F\u00f6rderung und den Erhalt der Fischerei verdient gemacht.<\/p>\n<p>Als Mitglied und F\u00f6rderer pr\u00e4gte er die Entwicklung unseres Verbandes nachhaltig. Sein Engagement galt nicht nur der Hege unserer heimischen Fischbest\u00e4nde und dem Schutz der Gew\u00e4sser, sondern auch der Ausbildung junger Anglergenerationen. Dabei war er stets ein Vorbild in Kollegialit\u00e4t, Verantwortung und Leidenschaft f\u00fcr unser gemeinsames Hobby. Die Betreuung der Fischteichanlage in V\u00f6ckelsbach als Teichwirt, war f\u00fcr ihn kein Amt, sondern Berufung.<\/p>\n<p>Wir verlieren mit ihm nicht nur einen engagierten Mitstreiter und Freund, sondern auch einen Menschen, der mit Herz und Verstand f\u00fcr die Belange der Fischerei gelebt hat.<\/p>\n<p>Unser tiefes Mitgef\u00fchl gilt seiner Familie und allen Angeh\u00f6rigen. Wir werden ihm stets ein ehrendes Andenken bewahren.<\/p>\n<p><strong>F\u00fcr das Pr\u00e4sidium und die Mitglieder des Badischen Sportfischerverbandes<\/strong><br \/>Mannheim, 18. August 2025<\/p>\n<p>Der Pr\u00e4sident<\/p>\n<p>\u00a0<\/p>\n<p><strong>Willkommen beim Badischen Sportfischerverband e.V.<\/strong><\/p>\n<p style=\"text-align: justify;\"><img decoding=\"async\" loading=\"lazy\" class=\"alignleft size-full wp-image-3\" src=\"http:\/\/bsfv.de\/wordpress\/wp-content\/uploads\/2015\/09\/wappen1.png\" alt=\"wappen1\" width=\"156\" height=\"178\" \/><\/p>\n<p style=\"text-align: justify;\">Liebe Besucherin, lieber Besucher,<br \/>willkommen auf der Internetpr\u00e4senz des Badischen Sportfischerverbandes e.V.<\/p>\n<p style=\"text-align: justify;\">Ich schreibe diese Zeilen als amtierender Pr\u00e4sident unseres Verbandes. Ob die nachstehenden Ausf\u00fchrungen aus Verdruss auf die immer weiter fortschreitende Reglementierung und Beschneidung unserer Arbeit und Rechte als Angelfischer geschieht oder vielmehr, um die Verantwortlichen hierf\u00fcr zu einem Denken zu bewegen, welches in unseren K\u00f6pfen bereits seit Jahrzehnten vorhanden ist, sei dahingestellt.<\/p>\n<p style=\"text-align: justify;\">Wir vertreten als Regionalverband unsere zahlreichen Mitgliedsvereine, die sich wie wir, f\u00fcr einen aktiven Natur-, Tier- und Gew\u00e4sserschutz einsetzen und stark machen.<\/p>\n<p style=\"text-align: justify;\">Die Fischerei in jeglicher Form gibt es seit die Menschheit unsere Erde bev\u00f6lkert. Dienten fr\u00fcher unsere Gew\u00e4sser noch \u00fcberwiegend der Nahrungsversorgung der Bev\u00f6lkerung, stehen in den letzten Jahrzehnten andere Dinge im Vordergrund unserer Aufgaben und Arbeit. Wir Angler als aktive Umwelt-, Tier- und Gew\u00e4ssersch\u00fctzer, hegen und pflegen die Gew\u00e4sser, die die Gew\u00e4sser umgebenden Landschaften und die im und am Wasser vorkommende Tier- und Pflanzenwelt.<\/p>\n<p style=\"text-align: justify;\">Die Angelfischerei unterliegt in Deutschland grunds\u00e4tzlich dem Landesfischereigesetz und der Landesfischereiordnung des jeweiligen Bundeslandes. Zur Aus\u00fcbung ben\u00f6tigt man in Deutschland im Wesentlichen zwei Dokumente, n\u00e4mlich einen g\u00fcltigen Fischereischein und als Voraussetzung f\u00fcr denselben, einen vorhandenen Sachkundenachweis. Dieser besteht in der Regel entweder aus der bestandenen Fischerpr\u00fcfung oder einer erfolgreichen Ausbildung zum Fischwirt.<\/p>\n<p style=\"text-align: justify;\">Jeden Angelfischer den Sie heute am Wasser antreffen, hat also eine Sachkundepr\u00fcfung abgelegt, deren Erlangung umfassende Kenntnisse in den Bereichen Allgemeine Fischkunde, Spezielle Fischkunde und Artenkunde, Ger\u00e4tekunde, Gew\u00e4sserkunde, Natur-, Tier- und Pflanzenschutz, Rechtskunde, usw. erforderlich macht. Hier geht es auch um Bereiche wie, der Sachkenntnis zur Beurteilung der Wasserqualit\u00e4t, das Verstehen \u00f6kologischer Zusammenh\u00e4nge und die Einbeziehung und den Schutz aller hierf\u00fcr erforderlichen Faktoren, wie z.B. auch die Kleinlebewesen im und am Wasser. Daneben gilt es weitere Bestimmungen zu kennen aus Tierschutzgesetz, Bundesartenschutzverordnung, und Bundesnaturschutzgesetz.<\/p>\n<p style=\"text-align: justify;\">Wir Angler sind also nicht nur um die Hege, Pflege und Erhaltung unserer Fischbest\u00e4nde und der Artenvielfalten bem\u00fcht, sondern wir sch\u00fctzen und pflegen auch die Lebensr\u00e4ume aller Bewohner im und am Wasser, egal ob stehende oder flie\u00dfende Gew\u00e4sser, egal ob Amphibie, Insekt, Fisch, Wasserv\u00f6gel oder -pflanzen.<\/p>\n<p style=\"text-align: justify;\">Die Erhaltung dieser Lebensr\u00e4ume, deren Renaturierung und Vermehrung liegen uns am Herzen.<\/p>\n<p style=\"text-align: justify;\">Dies setzen wir Angler t\u00e4glich und seit Jahrzehnten durch zahlreiche Ma\u00dfnahmen erfolgreich um. Durch die aktive T\u00e4tigkeit in der Natur, wie beispielsweise \u00dcberpr\u00fcfung der Wasserqualit\u00e4t, Hegearbeiten zur Ermittlung der Artenvielfalt und deren Verbreitung, Schutz bedrohter Tierarten, Ma\u00dfnahmen zur Wiederansiedlung und Populations- bzw. Arterhaltung, regelm\u00e4\u00dfige Einzelma\u00dfnahmen wie die Zivilisationsm\u00fcllbeseitigung und Uferreinigung unserer Gew\u00e4sser oder die Rettung von Wasserlebewesen und anderen Tieren nach Hochwasser\u00fcberflutungen, leisten wir einen wichtigen Beitrag f\u00fcr intakte Lebensr\u00e4ume. Ferner initiieren, unterst\u00fctzen und finanzieren wir Projekte rund um diese Themen.<\/p>\n<p style=\"text-align: justify;\">Im Rahmen unserer gemeinn\u00fctzigen Arbeiten, bilden wir Interessierte Kinder, Jugendliche und Erwachsene in all diesen vorgenannten Themen aus und fort und sensibilisieren sie f\u00fcr den Schutz und den Erhalt unserer Natur und den tier- und waidgerechten Umgang mit der Kreatur. Dies geschieht auch mit Unterst\u00fctzung und Begleitung der weiteren Regionalverb\u00e4nde und deren Mitgliedsvereinen sowie des Landesfischereiverbandes Baden-W\u00fcrttemberg als unserem Landesdachverband. Auch die Berufsfischerverb\u00e4nde und Jagdverb\u00e4nde unterst\u00fctzen uns hier mit ihrem Fachwissen, koordinierten Hegema\u00dfnahmen und t\u00e4tigem Handeln.<\/p>\n<p style=\"text-align: justify;\">Durch die in den Vereinen und Verb\u00e4nden t\u00e4tigen Gew\u00e4sserwarte, Biologen, Fischereiaufseher und Umweltexperten sowie durch Publikationen, unterst\u00fctzen wir mit Stellungnahmen, Gutachten und in beratender Funktion, Organisationen und staatliche Beh\u00f6rden in Fragen zu Umwelt-, Natur- und Gew\u00e4sserschutz.<\/p>\n<p style=\"text-align: justify;\">In den letzten Jahren wurden unsere Rechte an und in den Gew\u00e4ssern leider immer mehr beschnitten, daf\u00fcr folgten Auflagen und Pflichten, die wir teilweise mit Besorgnis und Unverst\u00e4ndnis hinnehmen mussten.<\/p>\n<p style=\"text-align: justify;\">Manchmal h\u00f6rt man auch noch Worte wie Tierqu\u00e4ler oder Fischm\u00f6rder. Wir betreiben aber keine Massentierhaltung und ohne vern\u00fcnftige Fischhege ist kein f\u00f6rderlicher Umwelt-, Natur- und Artenschutz m\u00f6glich. Unsere Hegema\u00dfnahmen f\u00f6rdern den Zusammenhalt in der Gemeinschaft und die Auswertungen der Fangergebnisse liefern uns wichtige Grundlagendaten bez\u00fcglich Fischerkrankungen, Artenvielfalt und deren Verbreitung bzw. Populationsgr\u00f6\u00dfen. Dies sind wesentliche Faktoren, die uns sachgerechte Naturschutz- und Bewirtschaftungsma\u00dfnahmen erst erm\u00f6glichen.<\/p>\n<p style=\"text-align: justify;\">In Naturschutzgebieten d\u00fcrfen wir im Wesentlichen nicht mehr hegen und pflegen. Dabei wird verkannt, dass wir uns in einer Kulturlandschaft bewegen, in der der Mensch bereits sehr viel negativ in die Natur eingegriffen hat. In unber\u00fchrter Naturlandschaft mag eine nat\u00fcrliche Eigenentwicklung und Dynamik dieser Gebiete ohne Eingriff noch funktionieren, in einer Kulturlandschaft jedoch, darf der Naturschutz im Naturschutzgebiet nicht aufh\u00f6ren.<\/p>\n<p style=\"text-align: justify;\">Sogar die W\u00e4lder in Deutschland &#8211; soweit ich hier einem Wissenschaftsbericht in den letzten Wochen Glauben schenken darf &#8211; sind nur noch zu unter 10% nat\u00fcrlichen Ursprungs und der Rest besteht aus Kulturanlagen.<\/p>\n<p style=\"text-align: justify;\">Das derzeit in Ausarbeitung befindliche ge\u00e4nderte Landesfischereigesetz, soll \u00c4nderungen erfahren, die uns die Hegema\u00dfnahmen, als wesentlichen Bestandteil unserer Arbeit, in Landschaftsschutzgebieten w\u00e4hrend der Vogelbrutzeit verbieten soll. Gerade wir Angler bewegen uns seit jeher mit sehr viel Aufmerksamkeit, Bedacht, Ruhe und Sorgfalt entlang unserer Gew\u00e4sser, weil gerade dies auch zur Aus\u00fcbung der Angelfischerei wichtige Grundlagen sind. Ferner wird offensichtlich verkannt, dass viele Arten an und in unseren Gew\u00e4ssern ohne unsere T\u00e4tigkeiten, heute gar nicht mehr vorhanden w\u00e4ren. Eine weitere sehr bedrohliche Entwicklung, die den Natur- und Artenschutz an und in unseren Gew\u00e4ssern gef\u00e4hrdet.<\/p>\n<p style=\"text-align: justify;\">In unserer schnelllebigen Zeit, scheint den wenigsten, in der Natur erholungssuchenden Menschen noch bewusst zu sein, das hinter dieser Natur viel selbstgelebter, ehrenamtlicher und gemeinn\u00fctziger Einsatz, f\u00fcr deren Schutz steckt. Sch\u00fctzen ist gut &#8211; aber Schutz ohne Hege und Pflege erscheint vielmehr als Desinteresse.<\/p>\n<p style=\"text-align: justify;\">Naturschutz ist uns wichtig, denn wir wollen auch f\u00fcr unsere Kinder und die Generationen nach uns, intakte und artenreiche Gew\u00e4sser und Natur erhalten. Dies geschieht auch aus Eigennutz, weil wir uns gerne und t\u00e4glich in der Natur und entlang unserer Gew\u00e4sser bewegen und diese erholungswirksam nutzen. Wir Angler sind die ersten, die Ver\u00e4nderungen im und am Wasser bemerken und sachgerechte Ma\u00dfnahmen einleiten k\u00f6nnen.<\/p>\n<p style=\"text-align: justify;\">Es bleibt zu hoffen, dass die Menschen hier einsichtig werden und unsere Arbeiten der letzten Jahrzehnte sch\u00e4tzen lernen und nicht wieder zunichte zu machen. Den meisten Menschen scheint gar nicht bewusst zu sein, was wir Angler und Fischer alles f\u00fcr den Naturschutz und die Allgemeinheit leisten. Vielleicht liegt dies auch daran, dass wir uns mit diesen T\u00e4tigkeiten bisher nicht gebr\u00fcstet haben, sondern uns hier genauso verhalten haben, wie bei der Aus\u00fcbung unseres Hobbys. Angepasst, ruhig, unauff\u00e4llig, aufmerksam aber nachhaltig. Sollte dieser Beitrag an dieser Stelle dazu f\u00f6rderlich gewesen sein, den einen oder anderen Besucher unserer Homepage auf diese Tatsachen aufmerksam zu machen und hierdurch seine Unterst\u00fctzung f\u00fcr unsere Arbeit gewonnen zu haben, so soll das unser verdienter Lohn sein.<\/p>\n<p style=\"text-align: justify;\">Falls Sie diese Seite nur besucht haben sollten, weil Sie gerne Fisch essen, so kann ich Ihnen versichern, dass es auch Fisch und Fischerfeste aus und in Deutschland, ohne Fischer und Angler, wohl nicht mehr geben wird.<\/p>\n<p style=\"text-align: justify;\">Ferner kann ich Sie nur bitten unsere regionalen Angelvereine, die Verb\u00e4nde oder ihre Bef\u00fcrworter, bei Ihrer Arbeit zu unterst\u00fctzen, damit diese weiterhin gemeinn\u00fctzige Arbeit verrichten k\u00f6nnen und weitere Einschr\u00e4nkungen f\u00fcr die Angelfischerei und damit den Schutz der Natur verhindert werden k\u00f6nnen.<\/p>\n<p style=\"text-align: justify;\">Es w\u00e4re schade, wenn unsere Kinder die Natur nur noch vom Fernsehen kennen w\u00fcrden, solange es noch einige darunter gibt, die die Natur sch\u00fctzen, genie\u00dfen oder nutzen wollen und sei es nur als Beobachter, Wanderer, J\u00e4ger oder auch Angler.<\/p>\n<p style=\"text-align: justify;\">Sch\u00f6n, dass Sie bis hierher bei mir geblieben sind, nun d\u00fcrfen Sie sich gerne auch die weiteren Inhalte unserer Homepage bzw. die darauf verlinkten Homepages anschauen. Fragen beantworten wir Ihnen gerne, wenn Sie uns eine Nachricht schicken.<\/p>\n<p style=\"text-align: justify;\">Ich verbleibe mit Fischergr\u00fc\u00dfen<\/p>\n<p style=\"text-align: justify;\">J\u00fcrgen Hauck<br \/>Pr\u00e4sident BSFV<\/p>\n\n\n<p><\/p>\n","protected":false},"excerpt":{"rendered":"<p>\u00a0 \u00a0 \u00a0 Nachruf In stiller Trauer nehmen wir Abschied von unserem langj\u00e4hrigen Angelkollegen, gesch\u00e4tzten Pr\u00e4sidiumsmitglied und guten Freund Dieter Herold, der im August 2025 im Alter von 86 Jahren von uns gegangen ist. \u00a0 Dieter war \u00fcber viele Jahre hinweg eine pr\u00e4gende Pers\u00f6nlichkeit in unserem Verband und dar\u00fcber hinaus. Mit gro\u00dfem Fachwissen, unerm\u00fcdlichem Einsatz [&hellip;]<\/p>\n","protected":false},"author":1,"featured_media":0,"parent":0,"menu_order":0,"comment_status":"closed","ping_status":"closed","template":"templates\/template-full-notitle.php","meta":[],"_links":{"self":[{"href":"http:\/\/bsfv.de\/wordpress\/wp-json\/wp\/v2\/pages\/111"}],"collection":[{"href":"http:\/\/bsfv.de\/wordpress\/wp-json\/wp\/v2\/pages"}],"about":[{"href":"http:\/\/bsfv.de\/wordpress\/wp-json\/wp\/v2\/types\/page"}],"author":[{"embeddable":true,"href":"http:\/\/bsfv.de\/wordpress\/wp-json\/wp\/v2\/users\/1"}],"replies":[{"embeddable":true,"href":"http:\/\/bsfv.de\/wordpress\/wp-json\/wp\/v2\/comments?post=111"}],"version-history":[{"count":99,"href":"http:\/\/bsfv.de\/wordpress\/wp-json\/wp\/v2\/pages\/111\/revisions"}],"predecessor-version":[{"id":1831,"href":"http:\/\/bsfv.de\/wordpress\/wp-json\/wp\/v2\/pages\/111\/revisions\/1831"}],"wp:attachment":[{"href":"http:\/\/bsfv.de\/wordpress\/wp-json\/wp\/v2\/media?parent=111"}],"curies":[{"name":"wp","href":"https:\/\/api.w.org\/{rel}","templated":true}]}}